5).
4
Let k(g) be the second derivative of g**4/12 + g**3/6 + 3*g**2/2 + g. Let q = -12 + 12. Calculate k(q).
3
Let f(z) = z**2 - 11*z + 13. Let s = -103 + 112. What is f(s)?
-5
Let w(t) = -t**3 + 4*t**2 - 4*t - 1. Suppose 2*m - 1 = 3*m, m = -2*f + 5. Determine w(f).
-4
Let g(l) = -l**2 + 6*l + 3. Let o be g(6). Suppose 0 = 5*y - 2 - o. Let j(w) = 3*w**2 - 1. Determine j(y).
2
Let c(h) be the third derivative of h**5/60 + 7*h**4/24 + 7*h**3/6 + 5*h**2. Give c(-6).
1
Suppose -10*i = -9 - 1. Let n(r) = 14*r. What is n(i)?
14
Suppose 4*w + 15 = w. Let l(k) be the third derivative of k**7/5040 - k**6/720 + k**5/15 + k**2. Let t(q) be the third derivative of l(q). What is t(w)?
-6
Let n = 14 + -12. Let c(w) = -6*w**3 + 0*w**2 - 3*w**n + 5*w**3 + 1 - w. Suppose 0 = -0*u - u - 3. Calculate c(u).
4
Let o(f) = -f**2 + f + 20. Suppose 4 = 12*q + 4. What is o(q)?
20
Suppose 5 = 2*q - 3. Let z = -10 + 13. Let f(b) = -4*b + z*b**2 + 0 - b**3 + 5*b - 3 - q*b**2. Determine f(-3).
12
Let z be (-2 + (-9)/(-3))*(1 - 0). Let f(h) = -7*h + 1. Calculate f(z).
-6
Let p be (4 + 1)/(3/(-3)). Let b = 119 + -74. Let c(a) = -a**3 - 2 + 6 - 4*a**2 + 53*a - b*a. Give c(p).
-11
Let w(g) = -1 + 3*g + g**3 - g + 2*g**2 + 12*g**3 + 2. Let m = -23 - -22. Determine w(m).
-12
Let m be ((-2)/(-1) + -2)/(-1). Let b be 2/(-4)*m/3. Let p(o) = o + 11. Let v(n) = n + 11. Let r(q) = 2*p(q) - 3*v(q). Calculate r(b).
-11
Let s(z) = -z - 6. Let b be s(-7). Let c(p) = p**2 + p - 1. Let k(a) = -a**3 + 3*a**2 - 12*a + 13. Let j(v) = b*k(v) + 4*c(v). What is j(6)?
-3
Let f(y) = -5*y - 4. Let z be 7 - (-5)/((-5)/2). Suppose -z*i = 4*n - 13, 0*i - i = -2*n - 11. Determine f(n).
11
Let n(a) = -5*a - 4. Let h = 0 - -1. Let i = -4 - -15. Suppose -i = 4*u + h. Calculate n(u).
11
Let y(v) = v**2 - 7*v + 2. Let d(a) = a**2 + 2*a - 2. Let j be d(-4). Give y(j).
-4
Let u(x) be the first derivative of x**5/40 + x**4/24 + x**3/3 - 1. Let s(b) be the third derivative of u(b). Give s(1).
4
Let r = 9 + -9. Let p(g) be the third derivative of -1/24*g**4 + r*g**3 + 0*g + 0 + 2*g**2. Give p(-4).
4
Suppose 0 = 4*z - z. Let q be 4 + -5 - (z + -3). Let w(y) = 1 - y - q*y + 8*y**2 + 2*y. What is w(1)?
8
Let q(p) be the third derivative of 1/24*p**4 - 1/40*p**5 + 0*p + 1/3*p**3 + 0 - 2*p**2. Let j(v) be the first derivative of q(v). Determine j(-2).
7
Suppose 0 = -6*n + 10*n. Let o(c) be the first derivative of -c + 3/2*c**4 + n*c**3 - c**2 - 1. Determine o(-1).
-5
Let j(x) = -6*x - 34*x**2 + 18*x**2 + 17*x**2 - 4. Suppose 4*d - 7 = -2*w + 3, 0 = 2*d - 4*w - 30. Calculate j(d).
-9
Let c be (-15)/(-18)*(-4)/(-40). Let r(v) be the third derivative of 2/3*v**3 + 0*v - 1/60*v**5 - c*v**4 + 0 - v**2. Give r(-5).
-11
Let r(k) = 4 - 2 - 8*k - 5 + 4. Let m = -8 + 10. Suppose -m*q - 1 - 1 = 0. Determine r(q).
9
Let c = -50 + 50. Let s(f) be the first derivative of f**4/4 - f**3/3 + 4*f - 1. What is s(c)?
4
Suppose 4*l + 12 = 2*l. Let j(k) = -k**2 - 7*k + 2. Calculate j(l).
8
Let h(d) = 4*d**2 + 9*d - 3. Let l(b) = 2*b**2 + b - 1. Let z(i) = i**2 - 1. Let s(k) = l(k) - z(k). Let y(a) = -h(a) + 3*s(a). Calculate y(-6).
3
Let r = 4 + -9. Let c(f) be the second derivative of -f**4/12 - 5*f**3/6 + 3*f**2/2 + 7*f. Calculate c(r).
3
Suppose 0 = -2*w + 8*w + 30. Let g(c) = 2*c + 5. Determine g(w).
-5
Let y(i) = -i**2 - 3*i. Let q = 1 + 2. Let f(k) = k**3 + 3*k**2 - 7*k - 6. Let z be f(-4). Let w = q - z. What is y(w)?
0
Let k be ((-15)/9)/((-1)/(-3)). Let f(u) = -u**2 - 3*u + 5. Let g be f(k). Let h(o) = o**3 + 5*o**2 - o + 1. Determine h(g).
6
Let t(a) be the second derivative of -a**5/20 - a**4/4 - a**2/2 + 5*a. Let z be 16/56 + (-46)/14. What is t(z)?
-1
Let v(t) be the third derivative of -t**6/360 + t**5/120 + t**4/8 - t**2. Let s(l) be the second derivative of v(l). Give s(3).
-5
Let h(z) = -z**3 - z - 1. Let d(w) = -w**3 - 8*w**2 - 4*w + 6. Let c(m) = d(m) - 2*h(m). Calculate c(8).
-8
Let l be 0/(-1)*((-22)/(-4) + -5). Let k(t) = -13*t**2 - 5*t + 1. Let a(x) = -3*x**2 - x. Let s(g) = -9*a(g) + 2*k(g). Give s(l).
2
Let f(n) = 17 + 11 - 3*n - 27 + 4*n. Calculate f(-6).
-5
Let u(o) be the first derivative of o**3/3 - 5*o**2/2 + 7*o + 1. Let m(q) = 7*q - 198. Let l be m(29). Determine u(l).
7
Let c(p) be the second derivative of -p**4/12 - 5*p**3/6 + p**2 - p. Let i(r) = r**2 - 15*r + 9. Let a be i(14). Let b = -9 - a. Give c(b).
6
Let n = 22 + -15. Let b(l) = 9*l**2 + 0*l**3 - n - 3*l**2 - l**3 - 3*l. Give b(5).
3
Let a(y) = 10*y**3 - 19*y**2 - 19*y - 7. Let s(m) = -3*m**3 + 6*m**2 + 6*m + 2. Let l(c) = 2*a(c) + 7*s(c). Give l(5).
-5
Let x(i) = 3*i - 1. Let h be (-2)/3*(-54)/18*-1. Determine x(h).
-7
Let p(z) = -z**3 - 5*z**2 - z + 3. Let x = 0 - -2. Suppose 0 = x*i - i - 4. Suppose -i*c + c = 15. What is p(c)?
8
Let s be (-4)/(-6) + (-5)/3. Let o(c) = 2*c + 1. Determine o(s).
-1
Let w(c) = -7*c**2 + 17*c - 1. Let s(l) = 1 + 12*l - 1 - 4*l - 3*l**2. Let o(x) = 9*s(x) - 4*w(x). Calculate o(-5).
9
Let x be 0 - -3 - (4 - 2). Let o = x + -1. Suppose -4*b + j - 18 = o, -2*b - 4 + 6 = 5*j. Let h(y) = y - 2. Determine h(b).
-6
Let k be (-1 - 161/(-49)) + (-2)/7. Let u(r) = r**3 - 4*r + 3. Determine u(k).
3
Suppose -2*i - 2*g + g = -8, g = -i + 4. Suppose -18 = -7*n + i*n. Let z(l) = -2 + 9 + 2*l**2 + l**3 - 7*l - 7*l**2. Determine z(n).
1
Let n(s) = 2*s**2 + 7*s**2 - 6 - 2*s**2 - s**3 - 5*s. Give n(6).
0
Let n(w) = w**3 + 5*w**2 - 4*w + 5. Let k be ((-36)/30)/((-1)/(-5)). Give n(k).
-7
Let k(l) = -l**2 - l - 3. Suppose -u - 5 + 2 = 0. Let f = -4 + u. Let p be (-1)/2*(-1 - f). What is k(p)?
-9
Let r(v) = 1 - 9 + v + 1. Suppose 0 = -3*i + i - 8, 2*i = -4*y. Suppose 3*o + y*o = 25. Determine r(o).
-2
Suppose -23*s + 58 = -80. Let p(m) = 2*m - 2 + 4*m - 2 - m**2. Calculate p(s).
-4
Suppose -4*k + 3 + 9 = 0. Let m(t) = t + k*t + 0*t - 3*t. Determine m(4).
4
Suppose -5*n - 10 = -3*n, 2*n + 1 = 3*a. Let w(d) = 6*d + 4. Give w(a).
-14
Let p(g) = 10*g. Let f be 5/(10/(-4)) - -1. Give p(f).
-10
Suppose 3*x = 8*x - 10. Suppose 0 = p + x*p + 12. Let v(m) = 1 + 4*m - 9 + 9 - 2*m. Determine v(p).
-7
Let b = 60 - 50. Let o(q) = q**2 - 9*q - 10. Calculate o(b).
0
Let a(p) = -p. Let z be a(-6). Suppose 5*o - 2*o = -z. Let u be -13 + 7 + (-1 - o). Let n(k) = 3*k + 6. Calculate n(u).
-9
Suppose 2*t - 30 = -5*m, 0 = 5*m - 3*t - 27 - 3. Let o(f) = f**3 - 6*f**2 - f + 5. Give o(m).
-1
Let u(q) = q**3 - 11*q**2 + 8*q + 6. Let o(x) = -x**3 + 12*x**2 - 9*x - 7. Let z(i) = -4*o(i) - 5*u(i). Give z(6).
10
Let x(t) = -t. Let u(y) = -3*y - 6. Let z(n) = u(n) - 2*x(n). Suppose 0 = -3*j - 2*j. What is z(j)?
-6
Let u(i) = 2*i**3 + 3*i**2 + 3*i + 3. Suppose -5*l + a = 3*a + 317, 5*l = -3*a - 313. Let v be l/(-10) - (-2)/(-4). Let r be -2*9/v - -1. Determine u(r).
-7
Let k(h) be the third derivative of -1/8*h**4 + 0*h + h**2 + 1/30*h**5 + 0 - 1/3*h**3. Let g(j) be the first derivative of k(j). Calculate g(2).
5
Suppose 2*g - g + 22 = 0. Let n be 2/(-6)*(g - -7). Let z(o) = o + 1 - n + 4 - 2. Calculate z(-4).
-6
Let w(y) be the second derivative of y**5/30 + 7*y**4/24 + 2*y**3/3 + y**2 - y. Let k(b) be the first derivative of w(b). Calculate k(-4).
8
Let v(u) be the second derivative of u**4/12 - u**3 + u**2 - 175*u. Let o = 6 + -8. Let i be (-9)/o*(-4)/(-3). Give v(i).
2
Let b(m) = 3*m + 8. Let o be b(4). Let x = -22 + o. Let g(y) = 4*y - 1. Determine g(x).
-9
Let r(t) = -3*t**3 - 2*t**2 + t. Suppose 2*a = 4*g + a - 3, 0 = -2*g + 5*a - 3. Calculate r(g).
-4
Let b(t) = -5 + 6 + 0 - 9*t + 21*t. What is b(1)?
13
Let n(c) = c. Let m be n(-2). Let b be ((-1)/m)/(7/42). Let s(l) = -6 - 4*l + b*l + 6. Calculate s(-6).
6
Let b = -20 + 12. Let o = 9 + b. Let k(h) = -o - 1 + 6*h - h**2 - 3*h - 4*h. Determine k(-3).
-8
Let s(g) = -g - g**3 - 6*g - 4 - 6*g**2 + g. Let u be 68/(-12) + (-4)/(-6). Give s(u).
1
Let n(h) = -h**2 - 4*h + 2. Let l(u) = -4*u - 3. Let o be l(-7). Suppose -c - 4*c = o. Determine n(c).
-3
Let r(q) be the first derivative of 0*q**2 - q**3 + 1/8*q**4 + 1/30*q**5 + 1/360*q**6 + 0*q + 3. Let z(l) be the third derivative of r(l). What is z(-2)?
-1
Let l(i) = -2*i**2 - 5 + 3*i**2 - i + i**2 + i**3. Let k(x) = -x**3 - 2*x**2 + x + 4. Let s(p) = -7*k(p) - 6*l(p). Calculate s(-3).
-4
Let o(j) = -5*j**3 - 2*j**2 + 2*j - 1. Let b(d) be the first derivative of -d*